{"id":2,"date":"2025-09-22T09:21:21","date_gmt":"2025-09-22T09:21:21","guid":{"rendered":"https:\/\/zwiazekrazem.pl\/?page_id=2"},"modified":"2025-09-29T11:14:23","modified_gmt":"2025-09-29T11:14:23","slug":"sample-page","status":"publish","type":"page","link":"https:\/\/zwiazekrazem.pl\/?page_id=2","title":{"rendered":"O nas"},"content":{"rendered":"\n<p class=\"has-x-large-font-size\" style=\"font-style:normal;font-weight:800\"><strong>Kim jeste\u015bmy?&nbsp;<\/strong><\/p>\n\n\n\n<p>Jeste\u015bmy inicjatyw\u0105 pracownik\u00f3w DFDS Logistics Polska w Szubinie<\/p>\n\n\n\n<p>Wszyscy cz\u0142onkowie ZZ Transport Razem to pracownicy DFDS Logistics Polska z wszystkich dzia\u0142\u00f3w firmy.<\/p>\n\n\n\n<p>Cz\u0142onkami ZZ Transport Razem:&nbsp; kierowcy, plani\u015bci, osoby z administracji i inni pracownicy.<\/p>\n\n\n\n<p>Dzia\u0142alno\u015b\u0107 zwi\u0105zkowa jest dla nas dodatkowym dzia\u0142eniem poza obowi\u0105zkami s\u0142u\u017cbowymi.<\/p>\n\n\n\n<p>Z tytu\u0142u nale\u017cno\u015bci do zwi\u0105zku zawodowego nie otrzymujemy \u017cadnych wynagrodze\u0144.<\/p>\n\n\n\n<p class=\"has-x-large-font-size\" style=\"font-style:normal;font-weight:800\">&nbsp;<strong>Jakie mamy cele?<\/strong><\/p>\n\n\n\n<p>Reprezentowa\u0107 pracownik\u00f3w niezle\u017cnie od dzia\u0142u w kt\u00f3rym pracuj\u0105 czyli pracuj\u0105cych jako kierowcy, w biurze, w oddziale Winterswijk, Nijmegen (UK i FR) ora pracownik\u00f3w&nbsp; wykonuj\u0105cych prac\u0119 dla dawnego N&amp;K<\/p>\n\n\n\n<p>Poprawi\u0107 przep\u0142yw infromacji&nbsp; mi\u0119dzy pracownikami, a zarz\u0105dem<\/p>\n\n\n\n<p>Informowac na bie\u017c\u0105co o wa\u017cnych dla pracownik\u00f3w sprawach.<\/p>\n\n\n\n<p>Anga\u017cowa\u0107 si\u0119 w rowi\u0105zywanie problem\u00f3w w tym negocjowanie z zarz\u0105dem wysoko\u015bci&nbsp; podwy\u017cek wynagrodze\u0144&nbsp; oraz warunk\u00f3w wykonywania pracy.<\/p>\n","protected":false},"excerpt":{"rendered":"<p>Kim jeste\u015bmy?&nbsp; Jeste\u015bmy inicjatyw\u0105 pracownik\u00f3w DFDS Logistics Polska w Szubinie Wszyscy cz\u0142onkowie ZZ Transport Razem to pracownicy DFDS Logistics Polska z wszystkich dzia\u0142\u00f3w firmy. Cz\u0142onkami ZZ Transport Razem:&nbsp; kierowcy, plani\u015bci, osoby z administracji i inni pracownicy. Dzia\u0142alno\u015b\u0107 zwi\u0105zkowa jest dla nas dodatkowym dzia\u0142eniem poza obowi\u0105zkami s\u0142u\u017cbowymi. Z tytu\u0142u nale\u017cno\u015bci do zwi\u0105zku zawodowego nie otrzymujemy \u017cadnych [&hellip;]<\/p>\n","protected":false},"author":1,"featured_media":0,"parent":0,"menu_order":0,"comment_status":"closed","ping_status":"open","template":"","meta":{"footnotes":""},"class_list":["post-2","page","type-page","status-publish","hentry"],"_links":{"self":[{"href":"https:\/\/zwiazekrazem.pl\/index.php?rest_route=\/wp\/v2\/pages\/2","targetHints":{"allow":["GET"]}}],"collection":[{"href":"https:\/\/zwiazekrazem.pl\/index.php?rest_route=\/wp\/v2\/pages"}],"about":[{"href":"https:\/\/zwiazekrazem.pl\/index.php?rest_route=\/wp\/v2\/types\/page"}],"author":[{"embeddable":true,"href":"https:\/\/zwiazekrazem.pl\/index.php?rest_route=\/wp\/v2\/users\/1"}],"replies":[{"embeddable":true,"href":"https:\/\/zwiazekrazem.pl\/index.php?rest_route=%2Fwp%2Fv2%2Fcomments&post=2"}],"version-history":[{"count":10,"href":"https:\/\/zwiazekrazem.pl\/index.php?rest_route=\/wp\/v2\/pages\/2\/revisions"}],"predecessor-version":[{"id":230,"href":"https:\/\/zwiazekrazem.pl\/index.php?rest_route=\/wp\/v2\/pages\/2\/revisions\/230"}],"wp:attachment":[{"href":"https:\/\/zwiazekrazem.pl\/index.php?rest_route=%2Fwp%2Fv2%2Fmedia&parent=2"}],"curies":[{"name":"wp","href":"https:\/\/api.w.org\/{rel}","templated":true}]}}