{"id":42,"date":"2025-09-25T07:36:10","date_gmt":"2025-09-25T07:36:10","guid":{"rendered":"https:\/\/zwiazekrazem.pl\/?page_id=42"},"modified":"2025-09-29T09:03:26","modified_gmt":"2025-09-29T09:03:26","slug":"kontakt","status":"publish","type":"page","link":"https:\/\/zwiazekrazem.pl\/?page_id=42","title":{"rendered":"Kontakt"},"content":{"rendered":"\n<div class=\"wp-block-columns alignwide is-style-default has-xx-large-font-size is-layout-flex wp-container-core-columns-is-layout-df4a1ab3 wp-block-columns-is-layout-flex\" style=\"border-style:none;border-width:0px;border-radius:0px;margin-top:0;margin-bottom:0;padding-top:var(--wp--preset--spacing--30);padding-right:var(--wp--preset--spacing--40);padding-bottom:var(--wp--preset--spacing--30);padding-left:var(--wp--preset--spacing--40);box-shadow:none\">\n<div class=\"wp-block-column is-layout-flow wp-container-core-column-is-layout-92d440f1 wp-block-column-is-layout-flow\" style=\"padding-top:0;padding-bottom:0;flex-basis:800px\">\n<div class=\"wp-block-cover aligncenter is-light has-large-font-size has-aspect-ratio\" style=\"border-style:none;border-width:0px;padding-top:0;padding-right:0;padding-bottom:0;padding-left:0;min-height:182px;aspect-ratio:4\/3;min-height:unset;\"><img loading=\"lazy\" decoding=\"async\" width=\"1024\" height=\"819\" class=\"wp-block-cover__image-background wp-image-211 size-large\" alt=\"\" src=\"https:\/\/zwiazekrazem.pl\/wp-content\/uploads\/2025\/09\/logo-z-adresem-nowe-pelne-1-1024x819.webp\" style=\"object-position:52% 0%\" data-object-fit=\"cover\" data-object-position=\"52% 0%\" srcset=\"https:\/\/zwiazekrazem.pl\/wp-content\/uploads\/2025\/09\/logo-z-adresem-nowe-pelne-1-1024x819.webp 1024w, https:\/\/zwiazekrazem.pl\/wp-content\/uploads\/2025\/09\/logo-z-adresem-nowe-pelne-1-300x240.webp 300w, https:\/\/zwiazekrazem.pl\/wp-content\/uploads\/2025\/09\/logo-z-adresem-nowe-pelne-1-768x614.webp 768w, https:\/\/zwiazekrazem.pl\/wp-content\/uploads\/2025\/09\/logo-z-adresem-nowe-pelne-1.webp 1080w\" sizes=\"auto, (max-width: 1024px) 100vw, 1024px\" \/><span aria-hidden=\"true\" class=\"wp-block-cover__background has-base-background-color has-background-dim-0 has-background-dim\"><\/span><div class=\"wp-block-cover__inner-container is-layout-flow wp-block-cover-is-layout-flow\">\n<p><\/p>\n<\/div><\/div>\n<\/div>\n\n\n\n<div class=\"wp-block-column is-vertically-aligned-center has-small-font-size is-layout-flow wp-block-column-is-layout-flow\" style=\"flex-basis:1500px\">\n<p class=\"has-text-align-center has-medium-font-size\"><strong>Zwi\u0105zek Zawodowy Transport Razem<\/strong><\/p>\n\n\n\n<p class=\"has-text-align-center has-medium-font-size\"><strong>Pracownik\u00f3w DFDS Logistics Polska<\/strong><\/p>\n\n\n\n<p class=\"has-text-align-center has-medium-font-size\">Ul. Jana Paw\u0142a II 38<\/p>\n\n\n\n<p class=\"has-text-align-center has-medium-font-size\">89-200 Szubin<\/p>\n\n\n\n<p class=\"has-text-align-center has-medium-font-size\"><\/p>\n<\/div>\n\n\n\n<div class=\"wp-block-column is-vertically-aligned-center is-layout-flow wp-container-core-column-is-layout-b108c007 wp-block-column-is-layout-flow\" style=\"padding-right:0;padding-left:0;flex-basis:1000px\">\n<p class=\"has-medium-font-size\"><strong>Telefon<\/strong>:&nbsp; 668&nbsp;181&nbsp;750<\/p>\n\n\n\n<p class=\"has-medium-font-size\"><strong>Mail<\/strong>: info@zwiazekrazem.pl<\/p>\n\n\n\n<p class=\"has-medium-font-size\"><strong>KRS<\/strong>:&nbsp; 0001184700<\/p>\n\n\n\n<p class=\"has-medium-font-size\"><strong>Regon<\/strong>:&nbsp; 54227720700000<\/p>\n\n\n\n<p class=\"has-medium-font-size\"><strong>NIP<\/strong>:&nbsp; 5581888224<\/p>\n<\/div>\n<\/div>\n\n\n\n<div class=\"wp-block-group has-global-padding is-layout-constrained wp-block-group-is-layout-constrained\">\n<div class=\"wp-block-group is-layout-flow wp-block-group-is-layout-flow\"><\/div>\n<\/div>\n\n\n\n<div class=\"wp-block-group alignwide has-base-background-color has-background has-global-padding is-layout-constrained wp-block-group-is-layout-constrained\">\n<div class=\"wp-block-contact-form-7-contact-form-selector\">\n<div class=\"wpcf7 no-js\" id=\"wpcf7-f202-o1\" lang=\"pl-PL\" dir=\"ltr\" data-wpcf7-id=\"202\">\n<div class=\"screen-reader-response\"><p role=\"status\" aria-live=\"polite\" aria-atomic=\"true\"><\/p> <ul><\/ul><\/div>\n<form action=\"\/index.php?rest_route=%2Fwp%2Fv2%2Fpages%2F42#wpcf7-f202-o1\" method=\"post\" class=\"wpcf7-form init\" aria-label=\"Formularz kontaktowy\" novalidate=\"novalidate\" data-status=\"init\">\n<fieldset class=\"hidden-fields-container\"><input type=\"hidden\" name=\"_wpcf7\" value=\"202\" \/><input type=\"hidden\" name=\"_wpcf7_version\" value=\"6.1.5\" \/><input type=\"hidden\" name=\"_wpcf7_locale\" value=\"pl_PL\" \/><input type=\"hidden\" name=\"_wpcf7_unit_tag\" value=\"wpcf7-f202-o1\" \/><input type=\"hidden\" name=\"_wpcf7_container_post\" value=\"0\" \/><input type=\"hidden\" name=\"_wpcf7_posted_data_hash\" value=\"\" \/>\n<\/fieldset>\n<div style=\"max-width:500px;margin:40px auto;padding:25px;background:#f9f9f9;border-radius:15px;box-shadow:0 4px 15px rgba(0,0,0,0.1);\">\n\t<div style=\"margin-bottom:15px;\">\n\t\t<p><label style=\"display:block;font-weight:600;color:#333;\">Twoja wiadomo\u015b\u0107<\/label><br \/>\n<span class=\"wpcf7-form-control-wrap\" data-name=\"your-message\"><textarea cols=\"40\" rows=\"10\" maxlength=\"2000\" class=\"wpcf7-form-control wpcf7-textarea wpcf7-validates-as-required\" aria-required=\"true\" aria-invalid=\"false\" placeholder=\"Tutaj wpisz tre\u015b\u0107 swojej wiadomo\u015bci\" name=\"your-message\"><\/textarea><\/span>\n\t\t<\/p>\n\t<\/div>\n\t<div style=\"margin-bottom:15px;\">\n\t\t<p><label style=\"display:block;font-weight:600;color:#333;\">Twoje imi\u0119<\/label><br \/>\n<span class=\"wpcf7-form-control-wrap\" data-name=\"your-name\"><input size=\"40\" maxlength=\"400\" class=\"wpcf7-form-control wpcf7-text wpcf7-validates-as-required\" aria-required=\"true\" aria-invalid=\"false\" placeholder=\"Wpisz swoje imi\u0119\" value=\"\" type=\"text\" name=\"your-name\" \/><\/span>\n\t\t<\/p>\n\t<\/div>\n\t<div style=\"margin-bottom:15px;\">\n\t\t<p><label style=\"display:block;font-weight:600;color:#333;\"><br \/>\nCzy jeste\u015b pracownikiem DFDS Logistics Polska?<br \/>\n<\/label><br \/>\n<span class=\"wpcf7-form-control-wrap\" data-name=\"checkbox-149\"><span class=\"wpcf7-form-control wpcf7-checkbox\"><span class=\"wpcf7-list-item first\"><label><input type=\"checkbox\" name=\"checkbox-149[]\" value=\"TAK\" \/><span class=\"wpcf7-list-item-label\">TAK<\/span><\/label><\/span><span class=\"wpcf7-list-item last\"><label><input type=\"checkbox\" name=\"checkbox-149[]\" value=\"NIE\" \/><span class=\"wpcf7-list-item-label\">NIE<\/span><\/label><\/span><\/span><\/span>\n\t\t<\/p>\n\t<\/div>\n\t<div style=\"margin-bottom:15px;\">\n\t\t<p><label style=\"display:block;font-weight:600;color:#333;\">Numer telefonu (alternatywnie zamiast e-maila)<\/label><br \/>\n<span class=\"wpcf7-form-control-wrap\" data-name=\"your-phone\"><input size=\"40\" maxlength=\"400\" class=\"wpcf7-form-control wpcf7-tel wpcf7-text wpcf7-validates-as-tel\" aria-invalid=\"false\" placeholder=\"Wpisz numer telefonu\" value=\"\" type=\"tel\" name=\"your-phone\" \/><\/span>\n\t\t<\/p>\n\t<\/div>\n\t<div style=\"margin-bottom:15px;\">\n\t\t<p><label style=\"display:block;font-weight:600;color:#333;\">Adres e-mail (alternatywnie zamiast telefonu)<\/label><br \/>\n<span class=\"wpcf7-form-control-wrap\" data-name=\"your-email\"><input size=\"40\" maxlength=\"400\" class=\"wpcf7-form-control wpcf7-email wpcf7-text wpcf7-validates-as-email\" aria-invalid=\"false\" placeholder=\"Wpisz adres e-mail\" value=\"\" type=\"email\" name=\"your-email\" \/><\/span>\n\t\t<\/p>\n\t<\/div>\n\t<p><input class=\"wpcf7-form-control wpcf7-submit has-spinner\" type=\"submit\" value=\"Wy\u015blij\" \/>\n\t<\/p>\n<\/div><p style=\"display: none !important;\" class=\"akismet-fields-container\" data-prefix=\"_wpcf7_ak_\"><label>&#916;<textarea name=\"_wpcf7_ak_hp_textarea\" cols=\"45\" rows=\"8\" maxlength=\"100\"><\/textarea><\/label><input type=\"hidden\" id=\"ak_js_1\" name=\"_wpcf7_ak_js\" value=\"234\"\/><script>document.getElementById( \"ak_js_1\" ).setAttribute( \"value\", ( new Date() ).getTime() );<\/script><\/p><div class=\"wpcf7-response-output\" aria-hidden=\"true\"><\/div>\n<\/form>\n<\/div>\n<\/div>\n<\/div>\n\n\n\n<div class=\"wp-block-gmap-gmap-block gmap-block-nm679yuo\"><iframe src=\"https:\/\/maps.google.com\/maps?q=szubin+jana+paw%C5%82a+II+38&amp;z=13&amp;t=k&amp;output=embed\" class=\"embd-map\" title=\"szubin jana paw\u0142a II 38\"><\/iframe><\/div>\n","protected":false},"excerpt":{"rendered":"<p>Zwi\u0105zek Zawodowy Transport Razem Pracownik\u00f3w DFDS Logistics Polska Ul. Jana Paw\u0142a II 38 89-200 Szubin Telefon:&nbsp; 668&nbsp;181&nbsp;750 Mail: info@zwiazekrazem.pl KRS:&nbsp; 0001184700 Regon:&nbsp; 54227720700000 NIP:&nbsp; 5581888224<\/p>\n","protected":false},"author":1,"featured_media":0,"parent":0,"menu_order":0,"comment_status":"closed","ping_status":"closed","template":"","meta":{"footnotes":""},"class_list":["post-42","page","type-page","status-publish","hentry"],"_links":{"self":[{"href":"https:\/\/zwiazekrazem.pl\/index.php?rest_route=\/wp\/v2\/pages\/42","targetHints":{"allow":["GET"]}}],"collection":[{"href":"https:\/\/zwiazekrazem.pl\/index.php?rest_route=\/wp\/v2\/pages"}],"about":[{"href":"https:\/\/zwiazekrazem.pl\/index.php?rest_route=\/wp\/v2\/types\/page"}],"author":[{"embeddable":true,"href":"https:\/\/zwiazekrazem.pl\/index.php?rest_route=\/wp\/v2\/users\/1"}],"replies":[{"embeddable":true,"href":"https:\/\/zwiazekrazem.pl\/index.php?rest_route=%2Fwp%2Fv2%2Fcomments&post=42"}],"version-history":[{"count":49,"href":"https:\/\/zwiazekrazem.pl\/index.php?rest_route=\/wp\/v2\/pages\/42\/revisions"}],"predecessor-version":[{"id":224,"href":"https:\/\/zwiazekrazem.pl\/index.php?rest_route=\/wp\/v2\/pages\/42\/revisions\/224"}],"wp:attachment":[{"href":"https:\/\/zwiazekrazem.pl\/index.php?rest_route=%2Fwp%2Fv2%2Fmedia&parent=42"}],"curies":[{"name":"wp","href":"https:\/\/api.w.org\/{rel}","templated":true}]}}